Let o(b) = 5*b**2 + 5*b + 6. What is o(x)?
6
Suppose 18 = -8*f + 18. Let z(o) = -o + 2. Let g be z(-3). Let r(s) = -3 + 6 - g + s. Determine r(f).
-2
Let d(m) = 3*m**2 + 65*m - 26. Suppose 298 + 1484 = -81*h. Determine d(h).
-4
Suppose 573 = -21*z + 258. Let a(l) = -l**2 - 13*l + 43. Calculate a(z).
13
Let b(a) = a**3 - 7*a**2 - 31*a + 12. Let q be b(10). Let w(t) = -9*t + 103*t**q + 3 - 48*t**2 - 53*t**2. What is w(6)?
21
Let t(p) be the third derivative of p**6/120 + p**5/3 + 3*p**4/4 - 7*p**3/2 - 10*p**2 + 33*p. Determine t(-19).
-2
Let c(p) = -3*p**3 - 177*p**2 + 2*p + 120. Let k be c(-59). Let q(t) be the second derivative of -34*t - 4*t**k - 1/6*t**3 + 0. Determine q(-11).
3
Let g(z) = 8*z**2 + 59*z - 20. Let p(r) = -3*r**2 - 22*r + 8. Let y(h) = -5*g(h) - 13*p(h). Determine y(-6).
14
Let x(m) = -7*m**2 + 2*m + 1. Let o(s) = -s**3 + 7*s**2 - s - 5. Let d be o(5). Let l = -37 + d. Suppose -l*c + 1 = 4. Determine x(c).
-8
Let r be 0*(5/2)/5. Let n(t) be the third derivative of -t**4/3 - 11*t**3/2 + 3*t**2. Let y(c) = 3*c + 11. Let f(v) = -4*n(v) - 11*y(v). Calculate f(r).
11
Suppose -302 = -7*p - 204. Suppose -13*w - p*w = 0. Let l(y) be the second derivative of y**3/6 + 3*y**2/2 - 10*y. What is l(w)?
3
Let r be (4 - (-4 + 8))*-1. Let i(z) = -3*z. Suppose -4*m + m = -6. Let b(l) = -16*l + 1. Let j(h) = m*b(h) - 11*i(h). What is j(r)?
2
Let d(w) be the third derivative of w**5/120 + w**4/24 + 11*w**3 - 34*w**2 - 1. Let r(j) be the first derivative of d(j). Calculate r(-1).
0
Suppose -5*u + o + 3*o = -50, 4*u - 5*o = 49. Let i = -6 - -8. Let z(s) = -3*s**2 + 8 - 3*s**3 - 3*s**i + 4*s**3. What is z(u)?
8
Suppose 2*a - 3*r = 288 - 312, a + r = -2. Let l(s) = -s**2 - 8*s - 5. Calculate l(a).
7
Let v(s) be the first derivative of -1/2*s**2 - 175 - 9*s. Give v(0).
-9
Let b(s) = -s**3 + 21*s**2 + s + 23. Suppose 3*d - 4*z - 102 + 27 = 0, -4*z = 4*d - 72. Determine b(d).
44
Let u(n) be the third derivative of -n**5/60 + 11*n**4/24 + n**3/3 - 16*n**2. Let i = 89 - 79. Calculate u(i).
12
Let x(w) = -w**3 + 13*w**2 - 12*w + 24. Let u be x(9). Let q = u - 245. Let p(v) = -v**3 - 6*v**2 - 5*v + 7. Calculate p(q).
7
Let k(l) = 202*l - 12518. Let m be k(62). Let r(x) = -6 + x + 2*x - x. What is r(m)?
6
Let c(w) = 9*w - 7. Let b = 1920 - 1916. Give c(b).
29
Let f(j) = -24*j + 13. Let g(b) = -13*b + 7. Let o be (209/(-76))/(2/(-8)). Let r(u) = o*g(u) - 6*f(u). Calculate r(-5).
-6
Let m(k) = -69*k - 43. Let b(n) = -74*n. Let q(h) = -2*b(h) + 2*m(h). What is q(6)?
-26
Let o = 13 - 5. Let w(y) be the first derivative of -y**4/4 + 3*y**3 - 13*y**2/2 + 11*y + 46859. Determine w(o).
-29
Let q(s) be the second derivative of s**4/12 + 5*s**3/3 - 7*s**2 - 7*s. Suppose -4*m = 2*j + 2, -5*j - 123 = -3*m - 53. What is q(j)?
-3
Let g be (189/54)/(14/(-8)). Let p(s) = -6*s**3 - 3*s**2 - 4*s - 3. Determine p(g).
41
Let x = -69 - -71. Let d(t) = -7*t - 2*t**x - 2*t - 2*t + 3*t + 3*t + 5. Determine d(-5).
-20
Let d(b) be the first derivative of 21*b**2 + b - 901. What is d(1)?
43
Let i(f) = 2*f + 3. Suppose 4*z - t + 3 + 8 = 0, -3*z - 2*t - 11 = 0. Let x be (10/z)/(55/15 + -3). Calculate i(x).
-7
Let i(b) = -4*b - 14. Let c(n) = 7*n + 27. Let z(j) = -6*c(j) - 11*i(j). Let q = 1477 - 1471. Let k be z(q). Let p(l) = l**2 - 4*l. Calculate p(k).
0
Suppose d - 26 = -18. Suppose -3*n - 35 = -d*n + c, -14 = -2*n - 4*c. Let o(p) = -p**2 + 8*p - 2. Calculate o(n).
5
Let z(i) be the first derivative of 2*i**4 + 5*i**3/3 - 3*i**2 - 6*i - 239. Let m(p) = -3*p**3 - 2*p**2 + 2*p + 2. Let k(s) = 11*m(s) + 4*z(s). Give k(-2).
2
Let g(n) = -n**2 + 8*n - 7. Let x(s) = -1. Let k(i) = g(i) + 4*x(i). Let l be 2 + ((-16)/(-2))/2. What is k(l)?
1
Let b(u) be the third derivative of u**5/120 + 5*u**4/8 + 74*u**3/3 + 88*u**2. Let j(z) be the first derivative of b(z). Give j(-12).
3
Let b(v) = v**2 + 8*v - 47. Let u be b(4). Let k(z) = -20 - u - z + 11 + 0. What is k(8)?
-18
Suppose 5 = 2*s - 5, 5*s = -4*a + 29. Suppose -3*x - 3*i = -0*i - 93, -3*x + 3*i = -69. Let h(j) = -30*j + 45*j - x*j. What is h(a)?
-12
Let u(x) = 10*x + 6. Suppose c - 10 = -5*w, 21 = 5*c + 1729*w - 1733*w. Calculate u(c).
56
Let l(t) be the second derivative of t**5/20 - 7*t**4/12 - 17*t**3/6 + 4*t**2 + 6031*t. Calculate l(8).
-64
Let i(s) = -30*s**2 - 24*s**2 - 18*s**2 + 92*s**2 - 7 + 73*s - 21*s**2 - 81*s. Let t(b) = b**2 + 6*b + 3. Let f be t(-6). Let r = -9 + f. What is i(r)?
5
Suppose -3*y + k + 9 = 0, 2*y - 10 = 4*k - 2*k. Let b(g) = -g - 9*g**2 + 0*g + 8*g**y + 2*g - 1. Let z(c) = c - 2. Let d be z(3). Determine b(d).
-1
Let g be (115/(-20))/((-2)/8). Let z(w) = -13*w + g*w + 3 + 5 - 4. Calculate z(-3).
-26
Let s(n) = -n + 11. Let t(b) = -2*b**2 + 17*b + 17. Let z be t(6). Suppose -8*q + 25 = -z. Give s(q).
2
Let r(v) = 7*v**3 + 3*v**2 - 3*v + 2. Let j(y) = 5*y**3 + y**2 - y. Let p(b) = 4*j(b) - 3*r(b). Determine p(-6).
0
Let h(f) = -3*f**2 - 11*f - 8. Let g(j) = -9*j**2 - 35*j - 25. Let v(o) = 2*g(o) - 7*h(o). Calculate v(-4).
26
Let z(s) = s**2 + 16*s - 2. Let h(j) = 12*j**2 - 95*j + 15. Let i(c) = h(c) + 6*z(c). Calculate i(2).
77
Let b(g) = 952*g**2 + 944*g**2 + 2 - 1901*g**2 - 4 + 6 - 9*g - g**3. Determine b(-4).
24
Let r(h) = -5*h**2 - 2*h - 5. Suppose 139*t - 84*t + 374 = -132*t. What is r(t)?
-21
Suppose 2*d = 4*o - 16, 5*o - 3*d + d = 21. Suppose -5*y + 2*m + 15 = 0, m = o*y - y - 9. Let l(i) = 4*i + y - 6 - 6*i**2 + i**3 + 4*i**2 + 2. Determine l(3).
18
Let s = -9 + 3. Let y be (-5 + (-32)/s)/(1/51). Let c(v) = y*v**2 + 2*v + 0*v - 3 + 0 - 16*v**2. What is c(3)?
12
Let q(x) = -5*x + 3*x + x. Let p be (13/26*6 - 2) + 7*-1. Give q(p).
6
Let v be (-10)/(-3) - 3/9. Suppose -2 = b - v*b. Let x(n) = -373*n + 1140*n - 377*n - 380*n. Calculate x(b).
10
Let r be 5/(-2)*12/15. Let h be r - (-2 - (-2 - -4)). Suppose -h*l - 4*j = 34, -4 = -4*l + 2*j - 22. Let y(m) = 3*m + 9. Determine y(l).
-12
Let y(k) = -206*k + 69*k - 2 + 88*k + 82*k + 1. Suppose o = -o + 4*p - 18, 0 = -o - p + 3. Calculate y(o).
-34
Let a(y) = y**2 - 19. Let j be (3*30/(-9))/((-6)/(-3)). Determine a(j).
6
Suppose -113*g + 152 = -121*g. Let m(y) = y**3 + 21*y**2 + 41*y + 37. What is m(g)?
-20
Let j(b) = 7*b**2 - b**3 + 3 - 7*b - 3*b**2 + 2*b**2. Let y be (134/201)/((-2)/(-12)). Let p be (-7 + 5)/y*-10. What is j(p)?
-7
Let t(z) = -19*z - 3. Let f(p) = -p**2 + 13*p - 16. Let v be f(12). Calculate t(v).
73
Let b(m) = -3*m**2 + 22*m + 5. Let z = -8784 - -8792. Determine b(z).
-11
Let c(t) = t**2 - t + 5. Let f be c(0). Let u(b) = 17*b - 4. Calculate u(f).
81
Let o be (76280/(-36))/5 + 2/(-9). Let i = o + 429. Let p(x) = x**3 - 4*x**2 - 9*x + 8. Give p(i).
-12
Let m(d) = 292 - 1331*d + 715*d + 657*d. Let j be m(-7). Let a(w) = 3*w - 5. Determine a(j).
10
Let v(n) = 5*n**2 - 10*n - 6. Let r(j) = -j**2 - 54*j - 239. Let y be r(-5). Determine v(y).
114
Suppose 3*v + 279 = 1722. Let h = v + -477. Let p(u) = u + 1. Determine p(h).
5
Let h(t) = 12*t - 104*t + 5 + 55*t + 45*t. Give h(-1).
-3
Let d(t) be the second derivative of t**6/120 + 7*t**5/60 + 7*t**4/24 - t**3/3 + 32*t**2 + 51*t. Let c(k) be the first derivative of d(k). Give c(-6).
-8
Let k(b) = 6*b - 2. Suppose 10 = -109*d + 114*d. Suppose -d = 2*h - h, 2*f - 4 = h. Determine k(f).
4
Let t(j) = -j**3 + 6*j**2 - 4*j + 3. Let l be 19*(3 + (-20)/2). Let f = l - -193. Let x be (0 + f/6)/2. Calculate t(x).
8
Suppose -822 = 14*q + 382. Let r = 90 + q. Let h(i) = i**2 - 7*i + 4. Give h(r).
-8
Let b(h) = 15 - 14 + 13*h**2 + 3*h**3 - 13*h**2. Let c(x) = -x**2 - 5*x + 5. Let w be c(-6). Calculate b(w).
-2
Let c(s) be the second derivative of s**5/60 + 5*s**4/24 + 2*s**3 + 108*s**2 + 99*s. Let w(g) be the first derivative of c(g). What is w(-4)?
8
Suppose -2902 - 682 = 112*y. Let r(s) = s**2 + 31*s - 25. Give r(y).
7
Let t(d) = -d - 10. Let k(x) = -x - 1. Let q(g) = 2*k(g) - t(g). Suppose 0 = -2*b - 10 + 42. Let o = b + -9. Calculate q(o).
1
Let o be (5/(280/16))/((-2)/(-28)). Let j(s) = -5*s**3 + 4*s**3 - 1 - 9*s**2 + 2*s**3 + o*s**2. Give j(5).
-1
Let d(n) = 31*n - 342. Let o be d(11). Let g(y) = -37*y**2 + 36*y**2 + 3*y + 1 - 16*y**3 - 5*y - 2. Give g(o).
16
Let y(l) = -l**3 + 17*l**2 + 15*l + 63. Let p be y(18). Suppose -4*h = 7*u - 9*u + 4, 5*h + u - p = 0. Let w(f) = 22*f - 1. Calculate w(h).
21
Let r =